{"id":75,"date":"2024-05-02T23:33:25","date_gmt":"2024-05-02T21:33:25","guid":{"rendered":"https:\/\/tantra-tsadde.com\/?page_id=75"},"modified":"2025-03-25T11:52:11","modified_gmt":"2025-03-25T10:52:11","slug":"prendre-rendez-vous-pour-un-massage-tantra","status":"publish","type":"page","link":"https:\/\/tantra-tsadde.com\/index.php\/prendre-rendez-vous-pour-un-massage-tantra\/","title":{"rendered":"Contact &amp; prise de rendez-vous."},"content":{"rendered":"\t\t<div data-elementor-type=\"wp-page\" data-elementor-id=\"75\" class=\"elementor elementor-75\">\n\t\t\t\t<div class=\"elementor-element elementor-element-47fb71f6 e-flex e-con-boxed e-con e-parent\" data-id=\"47fb71f6\" data-element_type=\"container\">\n\t\t\t\t\t<div class=\"e-con-inner\">\n\t\t\t\t<div class=\"elementor-element elementor-element-155551ac elementor-widget elementor-widget-text-editor\" data-id=\"155551ac\" data-element_type=\"widget\" data-widget_type=\"text-editor.default\">\n\t\t\t\t<div class=\"elementor-widget-container\">\n\t\t\t\t\t\t\t\t\t<div style=\"text-align: justify;\">\n<h1 style=\"margin-block: 0px; max-width: var(--wp--style--global--content-size); color: #020202; font-family: 'Nunito Sans', sans-serif; margin-left: auto !important; margin-right: auto !important;\"><span style=\"font-size: 18px;\"><em>Tantra Tsadd\u00e9 &amp; Healing <\/em>| <em>Massage Cachemirien traditionnel<\/em> <em>au sol<\/em><\/span><span style=\"background-color: var(--wp--preset--color--background); font-size: var(--wp--preset--font-size--base); font-weight: var( --e-global-typography-accent-font-weight );\">&nbsp;| Bruxelles, Watermael-Boitsfort, Belgique.<\/span><em style=\"font-size: 18px; background-color: var(--wp--preset--color--background);\">&nbsp;<\/em><\/h1>\n<h1 style=\"margin-block: 0px; max-width: var(--wp--style--global--content-size); color: #020202; font-family: 'Nunito Sans', sans-serif; margin-left: auto !important; margin-right: auto !important;\"><span style=\"background-color: var(--wp--preset--color--background); font-size: 18px;\">\ud83d\udd49<\/span><span style=\"font-family: var(--wp--preset--font-family--headings); color: var( --e-global-color-text ); background-color: var(--wp--preset--color--background); font-size: 18px;\"><span style=\"color: #020202; font-family: Nunito Sans, sans-serif;\">&nbsp;<\/span><\/span><span style=\"font-weight: var( --e-global-typography-text-font-weight ); text-align: var(--text-align); font-size: var(--wp--preset--font-size--base); background-color: var(--wp--preset--color--background);\"><span style=\"text-decoration-line: underline;\">T\u00e9l<\/span> :&nbsp;<\/span><strong style=\"text-align: var(--text-align); font-size: var(--wp--preset--font-size--base); background-color: var(--wp--preset--color--background);\">+32 492 08 61 84<\/strong><\/h1>\n<h1 style=\"margin-block: 0px; max-width: var(--wp--style--global--content-size); margin-left: auto !important; margin-right: auto !important;\"><span style=\"color: #020202; font-family: 'Nunito Sans', sans-serif; background-color: var(--wp--preset--color--background); font-size: 18px;\">\ud83d\udd49&nbsp;<\/span><span style=\"font-family: var(--wp--preset--font-family--headings); color: var( --e-global-color-text ); background-color: var(--wp--preset--color--background); font-size: 18px;\"><span style=\"color: #020202; font-family: 'Nunito Sans', sans-serif;\"><span style=\"text-decoration: underline;\">Horaire<\/span><\/span><\/span><span style=\"color: #020202; font-family: 'Nunito Sans', sans-serif; font-weight: var( --e-global-typography-text-font-weight ); text-align: var(--text-align); font-size: var(--wp--preset--font-size--base); background-color: var(--wp--preset--color--background);\">&nbsp;: Je re\u00e7ois <strong>tous les jours<\/strong>,&nbsp;<\/span><span style=\"color: #020202; font-family: 'Nunito Sans', sans-serif; font-weight: var( --e-global-typography-text-font-weight ); text-align: var(--text-align); font-size: var(--wp--preset--font-size--base); background-color: var(--wp--preset--color--background);\">entre <strong>8 et 19h<\/strong>&nbsp;et sur <strong>rendez-vous<\/strong>.&nbsp;<\/span><span style=\"color: #020202; font-family: 'Nunito Sans', sans-serif; text-align: var(--text-align); font-size: var(--wp--preset--font-size--base); background-color: var(--wp--preset--color--background);\">&nbsp;<\/span><\/h1>\n<h1 style=\"margin-block: 0px; max-width: var(--wp--style--global--content-size); color: #020202; font-family: 'Nunito Sans', sans-serif; margin-left: auto !important; margin-right: auto !important;\"><span style=\"background-color: var(--wp--preset--color--background); font-size: var(--wp--preset--font-size--base); font-weight: var( --e-global-typography-text-font-weight );\">Namaste,<\/span><\/h1>\n<div><span style=\"color: #020202; font-family: 'Nunito Sans', sans-serif; font-weight: var( --e-global-typography-text-font-weight ); background-color: var(--wp--preset--color--background); font-size: var(--wp--preset--font-size--base);\">M\u00e3.<\/span><\/div>\n<div>\n<p style=\"background: transparent; border: 0px; outline: 0px; padding: 0px; vertical-align: baseline; pointer-events: auto; font-size: 15px; line-height: 1.3em; margin-block: 0px; margin: 0px; text-align: start;\">\n<\/p><\/div>\n<p><!-- \/wp:paragraph --><\/p>\n<p><!-- wp:paragraph --><\/p>\n<p><!-- \/wp:paragraph --><\/p>\n<\/div>\t\t\t\t\t\t\t\t<\/div>\n\t\t\t\t<\/div>\n\t\t\t\t\t<\/div>\n\t\t\t\t<\/div>\n\t\t\t\t<\/div>\n\t\t","protected":false},"excerpt":{"rendered":"<p>Tantra Tsadd\u00e9 &amp; Healing | Massage Cachemirien traditionnel au sol&nbsp;| Bruxelles, Watermael-Boitsfort, Belgique.&nbsp; \ud83d\udd49&nbsp;T\u00e9l :&nbsp;+32 492 08 61 84 \ud83d\udd49&nbsp;Horaire&nbsp;: Je re\u00e7ois tous les jours,&nbsp;entre 8 et 19h&nbsp;et sur rendez-vous.&nbsp;&nbsp; Namaste, M\u00e3.<\/p>\n","protected":false},"author":1,"featured_media":0,"parent":0,"menu_order":0,"comment_status":"closed","ping_status":"closed","template":"","meta":{"footnotes":""},"class_list":["post-75","page","type-page","status-publish","hentry"],"yoast_head":"<!-- This site is optimized with the Yoast SEO plugin v26.3 - https:\/\/yoast.com\/wordpress\/plugins\/seo\/ -->\n<title>Contact &amp; prise de rendez-vous. - Love is a medicine<\/title>\n<meta name=\"description\" content=\"Un entretien t\u00e9l\u00e9phonique avant la rencontre est indispensable afin d\u2019effectuer l\u2019anamn\u00e8se de votre chemin par rapport au Tantra, \u00e0 la nudit\u00e9 et \u00e0 la sexualit\u00e9. Chaque individu est unique, comme l\u2019est son parcours de vie.\" \/>\n<meta name=\"robots\" content=\"index, follow, max-snippet:-1, max-image-preview:large, max-video-preview:-1\" \/>\n<link rel=\"canonical\" href=\"https:\/\/tantra-tsadde.com\/index.php\/prendre-rendez-vous-pour-un-massage-tantra\/\" \/>\n<meta property=\"og:locale\" content=\"fr_FR\" \/>\n<meta property=\"og:type\" content=\"article\" \/>\n<meta property=\"og:title\" content=\"Contact &amp; prise de rendez-vous. - Love is a medicine\" \/>\n<meta property=\"og:description\" content=\"Un entretien t\u00e9l\u00e9phonique avant la rencontre est indispensable afin d\u2019effectuer l\u2019anamn\u00e8se de votre chemin par rapport au Tantra, \u00e0 la nudit\u00e9 et \u00e0 la sexualit\u00e9. Chaque individu est unique, comme l\u2019est son parcours de vie.\" \/>\n<meta property=\"og:url\" content=\"https:\/\/tantra-tsadde.com\/index.php\/prendre-rendez-vous-pour-un-massage-tantra\/\" \/>\n<meta property=\"og:site_name\" content=\"Love is a medicine\" \/>\n<meta property=\"article:publisher\" content=\"https:\/\/www.facebook.com\/MaTantraTsadde\/\" \/>\n<meta property=\"article:modified_time\" content=\"2025-03-25T10:52:11+00:00\" \/>\n<meta name=\"twitter:card\" content=\"summary_large_image\" \/>\n<meta name=\"twitter:label1\" content=\"Dur\u00e9e de lecture estim\u00e9e\" \/>\n\t<meta name=\"twitter:data1\" content=\"1 minute\" \/>\n<script type=\"application\/ld+json\" class=\"yoast-schema-graph\">{\"@context\":\"https:\/\/schema.org\",\"@graph\":[{\"@type\":\"WebPage\",\"@id\":\"https:\/\/tantra-tsadde.com\/index.php\/prendre-rendez-vous-pour-un-massage-tantra\/\",\"url\":\"https:\/\/tantra-tsadde.com\/index.php\/prendre-rendez-vous-pour-un-massage-tantra\/\",\"name\":\"Contact &amp; prise de rendez-vous. - Love is a medicine\",\"isPartOf\":{\"@id\":\"https:\/\/tantra-tsadde.com\/#website\"},\"datePublished\":\"2024-05-02T21:33:25+00:00\",\"dateModified\":\"2025-03-25T10:52:11+00:00\",\"description\":\"Un entretien t\u00e9l\u00e9phonique avant la rencontre est indispensable afin d\u2019effectuer l\u2019anamn\u00e8se de votre chemin par rapport au Tantra, \u00e0 la nudit\u00e9 et \u00e0 la sexualit\u00e9. Chaque individu est unique, comme l\u2019est son parcours de vie.\",\"breadcrumb\":{\"@id\":\"https:\/\/tantra-tsadde.com\/index.php\/prendre-rendez-vous-pour-un-massage-tantra\/#breadcrumb\"},\"inLanguage\":\"fr-FR\",\"potentialAction\":[{\"@type\":\"ReadAction\",\"target\":[\"https:\/\/tantra-tsadde.com\/index.php\/prendre-rendez-vous-pour-un-massage-tantra\/\"]}]},{\"@type\":\"BreadcrumbList\",\"@id\":\"https:\/\/tantra-tsadde.com\/index.php\/prendre-rendez-vous-pour-un-massage-tantra\/#breadcrumb\",\"itemListElement\":[{\"@type\":\"ListItem\",\"position\":1,\"name\":\"Accueil\",\"item\":\"https:\/\/tantra-tsadde.com\/\"},{\"@type\":\"ListItem\",\"position\":2,\"name\":\"Contact &amp; prise de rendez-vous.\"}]},{\"@type\":\"WebSite\",\"@id\":\"https:\/\/tantra-tsadde.com\/#website\",\"url\":\"https:\/\/tantra-tsadde.com\/\",\"name\":\"Love is a medicine\",\"description\":\"Tantra Tsadd\u00e9 &amp; Healing | Massage Cachemirien traditionnel au sol.\",\"publisher\":{\"@id\":\"https:\/\/tantra-tsadde.com\/#organization\"},\"potentialAction\":[{\"@type\":\"SearchAction\",\"target\":{\"@type\":\"EntryPoint\",\"urlTemplate\":\"https:\/\/tantra-tsadde.com\/?s={search_term_string}\"},\"query-input\":{\"@type\":\"PropertyValueSpecification\",\"valueRequired\":true,\"valueName\":\"search_term_string\"}}],\"inLanguage\":\"fr-FR\"},{\"@type\":\"Organization\",\"@id\":\"https:\/\/tantra-tsadde.com\/#organization\",\"name\":\"Love is a medicine\",\"url\":\"https:\/\/tantra-tsadde.com\/\",\"logo\":{\"@type\":\"ImageObject\",\"inLanguage\":\"fr-FR\",\"@id\":\"https:\/\/tantra-tsadde.com\/#\/schema\/logo\/image\/\",\"url\":\"https:\/\/tantra-tsadde.com\/wp-content\/uploads\/2024\/05\/Tsadde.jpg\",\"contentUrl\":\"https:\/\/tantra-tsadde.com\/wp-content\/uploads\/2024\/05\/Tsadde.jpg\",\"width\":765,\"height\":762,\"caption\":\"Love is a medicine\"},\"image\":{\"@id\":\"https:\/\/tantra-tsadde.com\/#\/schema\/logo\/image\/\"},\"sameAs\":[\"https:\/\/www.facebook.com\/MaTantraTsadde\/\"]}]}<\/script>\n<!-- \/ Yoast SEO plugin. -->","yoast_head_json":{"title":"Contact &amp; prise de rendez-vous. - Love is a medicine","description":"Un entretien t\u00e9l\u00e9phonique avant la rencontre est indispensable afin d\u2019effectuer l\u2019anamn\u00e8se de votre chemin par rapport au Tantra, \u00e0 la nudit\u00e9 et \u00e0 la sexualit\u00e9. Chaque individu est unique, comme l\u2019est son parcours de vie.","robots":{"index":"index","follow":"follow","max-snippet":"max-snippet:-1","max-image-preview":"max-image-preview:large","max-video-preview":"max-video-preview:-1"},"canonical":"https:\/\/tantra-tsadde.com\/index.php\/prendre-rendez-vous-pour-un-massage-tantra\/","og_locale":"fr_FR","og_type":"article","og_title":"Contact &amp; prise de rendez-vous. - Love is a medicine","og_description":"Un entretien t\u00e9l\u00e9phonique avant la rencontre est indispensable afin d\u2019effectuer l\u2019anamn\u00e8se de votre chemin par rapport au Tantra, \u00e0 la nudit\u00e9 et \u00e0 la sexualit\u00e9. Chaque individu est unique, comme l\u2019est son parcours de vie.","og_url":"https:\/\/tantra-tsadde.com\/index.php\/prendre-rendez-vous-pour-un-massage-tantra\/","og_site_name":"Love is a medicine","article_publisher":"https:\/\/www.facebook.com\/MaTantraTsadde\/","article_modified_time":"2025-03-25T10:52:11+00:00","twitter_card":"summary_large_image","twitter_misc":{"Dur\u00e9e de lecture estim\u00e9e":"1 minute"},"schema":{"@context":"https:\/\/schema.org","@graph":[{"@type":"WebPage","@id":"https:\/\/tantra-tsadde.com\/index.php\/prendre-rendez-vous-pour-un-massage-tantra\/","url":"https:\/\/tantra-tsadde.com\/index.php\/prendre-rendez-vous-pour-un-massage-tantra\/","name":"Contact &amp; prise de rendez-vous. - Love is a medicine","isPartOf":{"@id":"https:\/\/tantra-tsadde.com\/#website"},"datePublished":"2024-05-02T21:33:25+00:00","dateModified":"2025-03-25T10:52:11+00:00","description":"Un entretien t\u00e9l\u00e9phonique avant la rencontre est indispensable afin d\u2019effectuer l\u2019anamn\u00e8se de votre chemin par rapport au Tantra, \u00e0 la nudit\u00e9 et \u00e0 la sexualit\u00e9. Chaque individu est unique, comme l\u2019est son parcours de vie.","breadcrumb":{"@id":"https:\/\/tantra-tsadde.com\/index.php\/prendre-rendez-vous-pour-un-massage-tantra\/#breadcrumb"},"inLanguage":"fr-FR","potentialAction":[{"@type":"ReadAction","target":["https:\/\/tantra-tsadde.com\/index.php\/prendre-rendez-vous-pour-un-massage-tantra\/"]}]},{"@type":"BreadcrumbList","@id":"https:\/\/tantra-tsadde.com\/index.php\/prendre-rendez-vous-pour-un-massage-tantra\/#breadcrumb","itemListElement":[{"@type":"ListItem","position":1,"name":"Accueil","item":"https:\/\/tantra-tsadde.com\/"},{"@type":"ListItem","position":2,"name":"Contact &amp; prise de rendez-vous."}]},{"@type":"WebSite","@id":"https:\/\/tantra-tsadde.com\/#website","url":"https:\/\/tantra-tsadde.com\/","name":"Love is a medicine","description":"Tantra Tsadd\u00e9 &amp; Healing | Massage Cachemirien traditionnel au sol.","publisher":{"@id":"https:\/\/tantra-tsadde.com\/#organization"},"potentialAction":[{"@type":"SearchAction","target":{"@type":"EntryPoint","urlTemplate":"https:\/\/tantra-tsadde.com\/?s={search_term_string}"},"query-input":{"@type":"PropertyValueSpecification","valueRequired":true,"valueName":"search_term_string"}}],"inLanguage":"fr-FR"},{"@type":"Organization","@id":"https:\/\/tantra-tsadde.com\/#organization","name":"Love is a medicine","url":"https:\/\/tantra-tsadde.com\/","logo":{"@type":"ImageObject","inLanguage":"fr-FR","@id":"https:\/\/tantra-tsadde.com\/#\/schema\/logo\/image\/","url":"https:\/\/tantra-tsadde.com\/wp-content\/uploads\/2024\/05\/Tsadde.jpg","contentUrl":"https:\/\/tantra-tsadde.com\/wp-content\/uploads\/2024\/05\/Tsadde.jpg","width":765,"height":762,"caption":"Love is a medicine"},"image":{"@id":"https:\/\/tantra-tsadde.com\/#\/schema\/logo\/image\/"},"sameAs":["https:\/\/www.facebook.com\/MaTantraTsadde\/"]}]}},"_links":{"self":[{"href":"https:\/\/tantra-tsadde.com\/index.php\/wp-json\/wp\/v2\/pages\/75","targetHints":{"allow":["GET"]}}],"collection":[{"href":"https:\/\/tantra-tsadde.com\/index.php\/wp-json\/wp\/v2\/pages"}],"about":[{"href":"https:\/\/tantra-tsadde.com\/index.php\/wp-json\/wp\/v2\/types\/page"}],"author":[{"embeddable":true,"href":"https:\/\/tantra-tsadde.com\/index.php\/wp-json\/wp\/v2\/users\/1"}],"replies":[{"embeddable":true,"href":"https:\/\/tantra-tsadde.com\/index.php\/wp-json\/wp\/v2\/comments?post=75"}],"version-history":[{"count":143,"href":"https:\/\/tantra-tsadde.com\/index.php\/wp-json\/wp\/v2\/pages\/75\/revisions"}],"predecessor-version":[{"id":1717,"href":"https:\/\/tantra-tsadde.com\/index.php\/wp-json\/wp\/v2\/pages\/75\/revisions\/1717"}],"wp:attachment":[{"href":"https:\/\/tantra-tsadde.com\/index.php\/wp-json\/wp\/v2\/media?parent=75"}],"curies":[{"name":"wp","href":"https:\/\/api.w.org\/{rel}","templated":true}]}}