{"id":111,"date":"2024-05-04T17:58:59","date_gmt":"2024-05-04T15:58:59","guid":{"rendered":"https:\/\/tantra-tsadde.com\/?page_id=111"},"modified":"2025-03-25T11:52:35","modified_gmt":"2025-03-25T10:52:35","slug":"tantra-tsadde-healing","status":"publish","type":"page","link":"https:\/\/tantra-tsadde.com\/index.php\/tantra-tsadde-healing\/","title":{"rendered":"Tantra Tsadd\u00e9 Healing."},"content":{"rendered":"\t\t<div data-elementor-type=\"wp-page\" data-elementor-id=\"111\" class=\"elementor elementor-111\">\n\t\t\t\t<div class=\"elementor-element elementor-element-ad2c6ea e-con-full e-flex e-con e-parent\" data-id=\"ad2c6ea\" data-element_type=\"container\">\n\t\t<div class=\"elementor-element elementor-element-ca313a9 e-con-full e-flex e-con e-child\" data-id=\"ca313a9\" data-element_type=\"container\">\n\t\t\t\t<div class=\"elementor-element elementor-element-134be55 elementor-widget__width-initial elementor-widget elementor-widget-image\" data-id=\"134be55\" data-element_type=\"widget\" data-widget_type=\"image.default\">\n\t\t\t\t<div class=\"elementor-widget-container\">\n\t\t\t\t\t\t\t\t\t\t\t\t\t\t\t<img fetchpriority=\"high\" decoding=\"async\" width=\"564\" height=\"700\" src=\"https:\/\/tantra-tsadde.com\/wp-content\/uploads\/2024\/05\/d73a8877f1961482f4ebf594fe405cbf.jpg\" class=\"attachment-large size-large wp-image-381\" alt=\"\" srcset=\"https:\/\/tantra-tsadde.com\/wp-content\/uploads\/2024\/05\/d73a8877f1961482f4ebf594fe405cbf.jpg 564w, https:\/\/tantra-tsadde.com\/wp-content\/uploads\/2024\/05\/d73a8877f1961482f4ebf594fe405cbf-242x300.jpg 242w\" sizes=\"(max-width: 564px) 100vw, 564px\" \/>\t\t\t\t\t\t\t\t\t\t\t\t\t\t\t<\/div>\n\t\t\t\t<\/div>\n\t\t\t\t<\/div>\n\t\t<div class=\"elementor-element elementor-element-7761262 e-con-full e-flex e-con e-child\" data-id=\"7761262\" data-element_type=\"container\">\n\t\t\t\t<div class=\"elementor-element elementor-element-c522dcb elementor-widget elementor-widget-text-editor\" data-id=\"c522dcb\" data-element_type=\"widget\" data-widget_type=\"text-editor.default\">\n\t\t\t\t<div class=\"elementor-widget-container\">\n\t\t\t\t\t\t\t\t\t<p>Tantra Tsadd\u00e9 Healing &#8211; Massage Tantrique Cachemirien au sol est n\u00e9 de la volont\u00e9 de prendre soin de l&rsquo;Autre. L&rsquo;autre c&rsquo;est toi. L&rsquo;autre c&rsquo;est moi.\u00a0<span style=\"color: var(--wp--preset--color--text-regular); font-family: var( --e-global-typography-text-font-family ), Sans-serif; font-weight: var( --e-global-typography-text-font-weight ); text-align: var(--text-align); font-size: var(--wp--preset--font-size--base); background-color: var(--wp--preset--color--background);\">Issu essentiellement de voies Traditionnelles &amp; Sacr\u00e9es, le soin par le toucher ne se limite pas \u00e0 sa dimension physique. La dimension spirituelle y a toute sa place.\u00a0<\/span><span style=\"color: var(--wp--preset--color--text-regular); font-size: var(--wp--preset--font-size--base); background-color: var(--wp--preset--color--background);\">C&rsquo;est en associant la <i>Sagesse du Tantra<\/i> et la <i>M\u00e9decine du Toucher Conscient<\/i> que je peux faire don de<\/span><span style=\"color: var(--wp--preset--color--text-regular); font-family: var( --e-global-typography-text-font-family ), Sans-serif; font-weight: var( --e-global-typography-text-font-weight ); text-align: var(--text-align); font-size: var(--wp--preset--font-size--base); background-color: var(--wp--preset--color--background);\">\u00a0ce pr\u00e9cieux savoir ancestral, aux hommes et aux femmes.<\/span><\/p>\n<p>\u00a0<\/p>\n<p><!-- \/wp:paragraph --><\/p>\t\t\t\t\t\t\t\t<\/div>\n\t\t\t\t<\/div>\n\t\t\t\t<\/div>\n\t\t\t\t<\/div>\n\t\t\t\t<\/div>\n\t\t","protected":false},"excerpt":{"rendered":"<p>Tantra Tsadd\u00e9 Healing &#8211; Massage Tantrique Cachemirien au sol est n\u00e9 de la volont\u00e9 de prendre soin de l&rsquo;Autre. L&rsquo;autre c&rsquo;est toi. L&rsquo;autre c&rsquo;est moi.\u00a0Issu essentiellement de voies Traditionnelles &amp; Sacr\u00e9es, le soin par le toucher ne se limite pas \u00e0 sa dimension physique. La dimension spirituelle y a toute sa place.\u00a0C&rsquo;est en associant la [&hellip;]<\/p>\n","protected":false},"author":1,"featured_media":0,"parent":0,"menu_order":0,"comment_status":"closed","ping_status":"closed","template":"","meta":{"footnotes":""},"class_list":["post-111","page","type-page","status-publish","hentry"],"yoast_head":"<!-- This site is optimized with the Yoast SEO plugin v26.3 - https:\/\/yoast.com\/wordpress\/plugins\/seo\/ -->\n<title>Tantra Tsadd\u00e9 Healing. - Love is a medicine<\/title>\n<meta name=\"description\" content=\"Issu essentiellement de voies Traditionnelles &amp; Sacr\u00e9es, le soin par le toucher ne se limitent pas \u00e0 sa dimension physique. La dimension spirituelle y a \u00e9videment toute sa place.\" \/>\n<meta name=\"robots\" content=\"index, follow, max-snippet:-1, max-image-preview:large, max-video-preview:-1\" \/>\n<link rel=\"canonical\" href=\"https:\/\/tantra-tsadde.com\/index.php\/tantra-tsadde-healing\/\" \/>\n<meta property=\"og:locale\" content=\"fr_FR\" \/>\n<meta property=\"og:type\" content=\"article\" \/>\n<meta property=\"og:title\" content=\"Tantra Tsadd\u00e9 Healing. - Love is a medicine\" \/>\n<meta property=\"og:description\" content=\"Issu essentiellement de voies Traditionnelles &amp; Sacr\u00e9es, le soin par le toucher ne se limitent pas \u00e0 sa dimension physique. La dimension spirituelle y a \u00e9videment toute sa place.\" \/>\n<meta property=\"og:url\" content=\"https:\/\/tantra-tsadde.com\/index.php\/tantra-tsadde-healing\/\" \/>\n<meta property=\"og:site_name\" content=\"Love is a medicine\" \/>\n<meta property=\"article:publisher\" content=\"https:\/\/www.facebook.com\/MaTantraTsadde\/\" \/>\n<meta property=\"article:modified_time\" content=\"2025-03-25T10:52:35+00:00\" \/>\n<meta property=\"og:image\" content=\"http:\/\/tantra-tsadde.com\/wp-content\/uploads\/2024\/05\/d73a8877f1961482f4ebf594fe405cbf.jpg\" \/>\n<meta name=\"twitter:card\" content=\"summary_large_image\" \/>\n<meta name=\"twitter:label1\" content=\"Dur\u00e9e de lecture estim\u00e9e\" \/>\n\t<meta name=\"twitter:data1\" content=\"1 minute\" \/>\n<script type=\"application\/ld+json\" class=\"yoast-schema-graph\">{\"@context\":\"https:\/\/schema.org\",\"@graph\":[{\"@type\":\"WebPage\",\"@id\":\"https:\/\/tantra-tsadde.com\/index.php\/tantra-tsadde-healing\/\",\"url\":\"https:\/\/tantra-tsadde.com\/index.php\/tantra-tsadde-healing\/\",\"name\":\"Tantra Tsadd\u00e9 Healing. - Love is a medicine\",\"isPartOf\":{\"@id\":\"https:\/\/tantra-tsadde.com\/#website\"},\"primaryImageOfPage\":{\"@id\":\"https:\/\/tantra-tsadde.com\/index.php\/tantra-tsadde-healing\/#primaryimage\"},\"image\":{\"@id\":\"https:\/\/tantra-tsadde.com\/index.php\/tantra-tsadde-healing\/#primaryimage\"},\"thumbnailUrl\":\"http:\/\/tantra-tsadde.com\/wp-content\/uploads\/2024\/05\/d73a8877f1961482f4ebf594fe405cbf.jpg\",\"datePublished\":\"2024-05-04T15:58:59+00:00\",\"dateModified\":\"2025-03-25T10:52:35+00:00\",\"description\":\"Issu essentiellement de voies Traditionnelles & Sacr\u00e9es, le soin par le toucher ne se limitent pas \u00e0 sa dimension physique. La dimension spirituelle y a \u00e9videment toute sa place.\",\"breadcrumb\":{\"@id\":\"https:\/\/tantra-tsadde.com\/index.php\/tantra-tsadde-healing\/#breadcrumb\"},\"inLanguage\":\"fr-FR\",\"potentialAction\":[{\"@type\":\"ReadAction\",\"target\":[\"https:\/\/tantra-tsadde.com\/index.php\/tantra-tsadde-healing\/\"]}]},{\"@type\":\"ImageObject\",\"inLanguage\":\"fr-FR\",\"@id\":\"https:\/\/tantra-tsadde.com\/index.php\/tantra-tsadde-healing\/#primaryimage\",\"url\":\"http:\/\/tantra-tsadde.com\/wp-content\/uploads\/2024\/05\/d73a8877f1961482f4ebf594fe405cbf.jpg\",\"contentUrl\":\"http:\/\/tantra-tsadde.com\/wp-content\/uploads\/2024\/05\/d73a8877f1961482f4ebf594fe405cbf.jpg\"},{\"@type\":\"BreadcrumbList\",\"@id\":\"https:\/\/tantra-tsadde.com\/index.php\/tantra-tsadde-healing\/#breadcrumb\",\"itemListElement\":[{\"@type\":\"ListItem\",\"position\":1,\"name\":\"Accueil\",\"item\":\"https:\/\/tantra-tsadde.com\/\"},{\"@type\":\"ListItem\",\"position\":2,\"name\":\"Tantra Tsadd\u00e9 Healing.\"}]},{\"@type\":\"WebSite\",\"@id\":\"https:\/\/tantra-tsadde.com\/#website\",\"url\":\"https:\/\/tantra-tsadde.com\/\",\"name\":\"Love is a medicine\",\"description\":\"Tantra Tsadd\u00e9 &amp; Healing | Massage Cachemirien traditionnel au sol.\",\"publisher\":{\"@id\":\"https:\/\/tantra-tsadde.com\/#organization\"},\"potentialAction\":[{\"@type\":\"SearchAction\",\"target\":{\"@type\":\"EntryPoint\",\"urlTemplate\":\"https:\/\/tantra-tsadde.com\/?s={search_term_string}\"},\"query-input\":{\"@type\":\"PropertyValueSpecification\",\"valueRequired\":true,\"valueName\":\"search_term_string\"}}],\"inLanguage\":\"fr-FR\"},{\"@type\":\"Organization\",\"@id\":\"https:\/\/tantra-tsadde.com\/#organization\",\"name\":\"Love is a medicine\",\"url\":\"https:\/\/tantra-tsadde.com\/\",\"logo\":{\"@type\":\"ImageObject\",\"inLanguage\":\"fr-FR\",\"@id\":\"https:\/\/tantra-tsadde.com\/#\/schema\/logo\/image\/\",\"url\":\"https:\/\/tantra-tsadde.com\/wp-content\/uploads\/2024\/05\/Tsadde.jpg\",\"contentUrl\":\"https:\/\/tantra-tsadde.com\/wp-content\/uploads\/2024\/05\/Tsadde.jpg\",\"width\":765,\"height\":762,\"caption\":\"Love is a medicine\"},\"image\":{\"@id\":\"https:\/\/tantra-tsadde.com\/#\/schema\/logo\/image\/\"},\"sameAs\":[\"https:\/\/www.facebook.com\/MaTantraTsadde\/\"]}]}<\/script>\n<!-- \/ Yoast SEO plugin. -->","yoast_head_json":{"title":"Tantra Tsadd\u00e9 Healing. - Love is a medicine","description":"Issu essentiellement de voies Traditionnelles & Sacr\u00e9es, le soin par le toucher ne se limitent pas \u00e0 sa dimension physique. La dimension spirituelle y a \u00e9videment toute sa place.","robots":{"index":"index","follow":"follow","max-snippet":"max-snippet:-1","max-image-preview":"max-image-preview:large","max-video-preview":"max-video-preview:-1"},"canonical":"https:\/\/tantra-tsadde.com\/index.php\/tantra-tsadde-healing\/","og_locale":"fr_FR","og_type":"article","og_title":"Tantra Tsadd\u00e9 Healing. - Love is a medicine","og_description":"Issu essentiellement de voies Traditionnelles & Sacr\u00e9es, le soin par le toucher ne se limitent pas \u00e0 sa dimension physique. La dimension spirituelle y a \u00e9videment toute sa place.","og_url":"https:\/\/tantra-tsadde.com\/index.php\/tantra-tsadde-healing\/","og_site_name":"Love is a medicine","article_publisher":"https:\/\/www.facebook.com\/MaTantraTsadde\/","article_modified_time":"2025-03-25T10:52:35+00:00","og_image":[{"url":"http:\/\/tantra-tsadde.com\/wp-content\/uploads\/2024\/05\/d73a8877f1961482f4ebf594fe405cbf.jpg","type":"","width":"","height":""}],"twitter_card":"summary_large_image","twitter_misc":{"Dur\u00e9e de lecture estim\u00e9e":"1 minute"},"schema":{"@context":"https:\/\/schema.org","@graph":[{"@type":"WebPage","@id":"https:\/\/tantra-tsadde.com\/index.php\/tantra-tsadde-healing\/","url":"https:\/\/tantra-tsadde.com\/index.php\/tantra-tsadde-healing\/","name":"Tantra Tsadd\u00e9 Healing. - Love is a medicine","isPartOf":{"@id":"https:\/\/tantra-tsadde.com\/#website"},"primaryImageOfPage":{"@id":"https:\/\/tantra-tsadde.com\/index.php\/tantra-tsadde-healing\/#primaryimage"},"image":{"@id":"https:\/\/tantra-tsadde.com\/index.php\/tantra-tsadde-healing\/#primaryimage"},"thumbnailUrl":"http:\/\/tantra-tsadde.com\/wp-content\/uploads\/2024\/05\/d73a8877f1961482f4ebf594fe405cbf.jpg","datePublished":"2024-05-04T15:58:59+00:00","dateModified":"2025-03-25T10:52:35+00:00","description":"Issu essentiellement de voies Traditionnelles & Sacr\u00e9es, le soin par le toucher ne se limitent pas \u00e0 sa dimension physique. La dimension spirituelle y a \u00e9videment toute sa place.","breadcrumb":{"@id":"https:\/\/tantra-tsadde.com\/index.php\/tantra-tsadde-healing\/#breadcrumb"},"inLanguage":"fr-FR","potentialAction":[{"@type":"ReadAction","target":["https:\/\/tantra-tsadde.com\/index.php\/tantra-tsadde-healing\/"]}]},{"@type":"ImageObject","inLanguage":"fr-FR","@id":"https:\/\/tantra-tsadde.com\/index.php\/tantra-tsadde-healing\/#primaryimage","url":"http:\/\/tantra-tsadde.com\/wp-content\/uploads\/2024\/05\/d73a8877f1961482f4ebf594fe405cbf.jpg","contentUrl":"http:\/\/tantra-tsadde.com\/wp-content\/uploads\/2024\/05\/d73a8877f1961482f4ebf594fe405cbf.jpg"},{"@type":"BreadcrumbList","@id":"https:\/\/tantra-tsadde.com\/index.php\/tantra-tsadde-healing\/#breadcrumb","itemListElement":[{"@type":"ListItem","position":1,"name":"Accueil","item":"https:\/\/tantra-tsadde.com\/"},{"@type":"ListItem","position":2,"name":"Tantra Tsadd\u00e9 Healing."}]},{"@type":"WebSite","@id":"https:\/\/tantra-tsadde.com\/#website","url":"https:\/\/tantra-tsadde.com\/","name":"Love is a medicine","description":"Tantra Tsadd\u00e9 &amp; Healing | Massage Cachemirien traditionnel au sol.","publisher":{"@id":"https:\/\/tantra-tsadde.com\/#organization"},"potentialAction":[{"@type":"SearchAction","target":{"@type":"EntryPoint","urlTemplate":"https:\/\/tantra-tsadde.com\/?s={search_term_string}"},"query-input":{"@type":"PropertyValueSpecification","valueRequired":true,"valueName":"search_term_string"}}],"inLanguage":"fr-FR"},{"@type":"Organization","@id":"https:\/\/tantra-tsadde.com\/#organization","name":"Love is a medicine","url":"https:\/\/tantra-tsadde.com\/","logo":{"@type":"ImageObject","inLanguage":"fr-FR","@id":"https:\/\/tantra-tsadde.com\/#\/schema\/logo\/image\/","url":"https:\/\/tantra-tsadde.com\/wp-content\/uploads\/2024\/05\/Tsadde.jpg","contentUrl":"https:\/\/tantra-tsadde.com\/wp-content\/uploads\/2024\/05\/Tsadde.jpg","width":765,"height":762,"caption":"Love is a medicine"},"image":{"@id":"https:\/\/tantra-tsadde.com\/#\/schema\/logo\/image\/"},"sameAs":["https:\/\/www.facebook.com\/MaTantraTsadde\/"]}]}},"_links":{"self":[{"href":"https:\/\/tantra-tsadde.com\/index.php\/wp-json\/wp\/v2\/pages\/111","targetHints":{"allow":["GET"]}}],"collection":[{"href":"https:\/\/tantra-tsadde.com\/index.php\/wp-json\/wp\/v2\/pages"}],"about":[{"href":"https:\/\/tantra-tsadde.com\/index.php\/wp-json\/wp\/v2\/types\/page"}],"author":[{"embeddable":true,"href":"https:\/\/tantra-tsadde.com\/index.php\/wp-json\/wp\/v2\/users\/1"}],"replies":[{"embeddable":true,"href":"https:\/\/tantra-tsadde.com\/index.php\/wp-json\/wp\/v2\/comments?post=111"}],"version-history":[{"count":105,"href":"https:\/\/tantra-tsadde.com\/index.php\/wp-json\/wp\/v2\/pages\/111\/revisions"}],"predecessor-version":[{"id":1718,"href":"https:\/\/tantra-tsadde.com\/index.php\/wp-json\/wp\/v2\/pages\/111\/revisions\/1718"}],"wp:attachment":[{"href":"https:\/\/tantra-tsadde.com\/index.php\/wp-json\/wp\/v2\/media?parent=111"}],"curies":[{"name":"wp","href":"https:\/\/api.w.org\/{rel}","templated":true}]}}